*y**2 - 2*y. What is w(j)?
0
Let t(g) = -28537*g**2 - g**3 - 4 + 28537*g**2. What is t(0)?
-4
Let r(l) = -9*l + 3. Suppose v - 5*f + 0*f = -17, v + 5*f = 23. What is r(v)?
-24
Let t = 1355 + -1348. Let r(o) = -o**3 + 6*o**2 + 4*o + 28. Calculate r(t).
7
Let j be (-4)/(3 + (-76)/20). Suppose -j*x - 10 = -5*b, -3*x - 3*b - 22 = 2*b. Let g(k) = k**2 + 2*k + 4. Determine g(x).
12
Let l(y) = 3*y - 9. Let d(c) = 4*c - 7. Let b(g) = -g - 1. Let a(n) = -3*b(n) - d(n). Let t be a(3). Determine l(t).
12
Let v(y) = 6 - 3*y + 2*y - 5 + y**3 - 562*y**2 + 562*y**2. Let h(q) = 6*q**3 + q**2 - q - 1. Let x be h(-1). Let d = 3 + x. Calculate v(d).
-5
Let u = -6 + 12. Let m(h) = -3*h**2 + 4*h**2 + u*h + 0*h**2 - 4. Let n(o) = -3*o**2 + 4*o - 3. Let r be n(2). Determine m(r).
3
Let v(u) = 32*u - 261. Let f be v(8). Let n(m) be the third derivative of -m**5/60 - m**4/4 - 5*m**3/6 - m**2. What is n(f)?
0
Let g(r) be the first derivative of -2*r - 3/2*r**2 + 16. Give g(-5).
13
Suppose 4*r + 8 + 0 = 0. Let i(a) = -a**2 - 9*a - 5. Let z(c) = -2*c**2 - 17*c - 9. Let g(f) = 11*i(f) - 6*z(f). What is g(r)?
-3
Let i(n) = n + 2. Suppose -769 = -3*w - 175. Suppose 0 = 5*k + w - 198. Give i(k).
2
Suppose 0 = -4*i + 5*b + 3 - 20, 2*i = 2*b - 6. Let l(s) = -2*s**2 - 8*s**2 - s**i - 1 + s**2. What is l(1)?
-11
Let q(x) = x**2 - 7*x + 9. Let u be q(6). Let p(g) = 1 + 0 - 3*g - u*g + 7*g. What is p(1)?
2
Let l(m) = -9*m**3 - 8*m**2 - 13*m - 17. Let d(a) = 4*a**3 + 4*a**2 + 6*a + 8. Let g = -35 - -22. Let v(u) = g*d(u) - 6*l(u). Give v(3).
16
Let a = -32 - -67. Suppose b + 4*b = -a. Let f(x) = -2*x - 6 + 3*x + 5*x - 8*x. What is f(b)?
8
Suppose 5*i + 3*a = -38, -2*i - 3*a + 4 = -3*i. Let q(j) = 16*j**2 + 5*j + 5. Let d(l) = -5*l**2 + l - 1. Let z(o) = 3*d(o) + q(o). Give z(i).
-5
Let a(g) = -10*g - 17. Let j(q) = -13*q - 19. Let m(k) = -6*a(k) + 5*j(k). Give m(-8).
47
Let u(t) = 4*t + 5. Let r(w) = -w - 1. Let o(n) = -9*r(n) - 2*u(n). Let p = -454 - -448. Determine o(p).
-7
Suppose 4*i - 3*r = 24, -3*r = -0 + 12. Let b be (-4 + 1 + 2)*i. Let x(f) be the third derivative of -f**5/60 - f**4/12 - f**3/2 + f**2. Calculate x(b).
-6
Suppose 2*u = -4*n + 1 + 13, -u - 3 = -3*n. Suppose p - 6 = -n. Let l(x) = x**3 - 4*x**2. Calculate l(p).
0
Let a(c) = -4*c + 7*c - 4*c - 9. Let u be a(-16). Let r(y) = -y**2 + 7*y + 3. Calculate r(u).
3
Suppose -y + 0 = -3*k - 2, y + 5*k - 10 = 0. Let v(a) be the second derivative of a**5/20 - a**4/4 - a**3 - 2*a**2 + a. Calculate v(y).
16
Let l = 36 - 45. Let s(g) = -3*g - 44. Let o(u) = -u - 15. Let n(f) = 11*o(f) - 4*s(f). Give n(l).
2
Suppose 16 = 5*a - a. Suppose j = a*p - 19, -j - 18 = j - 3*p. Let x be 0/((-1)/(-3)*j). Let d(h) = -h**3 + h**2 - h + 10. Give d(x).
10
Let i(a) = a**2 - 10*a + 10. Let l(j) = 2 + j - 2*j + 22 + 4. Let y be l(20). Determine i(y).
-6
Let s(v) = 2*v - 4. Let g be (-3 - -3)/(3 - 5). What is s(g)?
-4
Let o(a) = -3*a**2 - 23*a - 9 - 2 - 1 - 2. Let r(f) = f**2 + 8*f + 5. Let g(c) = -3*o(c) - 8*r(c). Determine g(-6).
8
Let t(s) = -s**2 - 10*s - 9. Let f be t(-9). Let p = 4 - f. Suppose -2*y - 7 = 5*n, 0 = p*y + 7 - 23. Let u(h) = -h**3 - 4*h**2 - 2*h + 1. What is u(n)?
-2
Let y(t) = t**2 - 14*t + 6. Let l = 172 + -159. Give y(l).
-7
Let t(s) = -s**3 - 7*s**2 - 5*s + 2. Let l be 148/6 + 20/(-30). Let i be l/(-16)*22/(-3). Let m = i + -17. What is t(m)?
-4
Let s(h) = -5*h**2 - h**2 - 2*h + 3*h**2 - 1. Suppose -7*z + 5*z - 7 = 5*v, 3*v + 7 = -4*z. Determine s(z).
-2
Let f(a) be the first derivative of -a**3/3 - 7*a**2/2 - 2*a - 18. What is f(-5)?
8
Suppose 0 = 107*q - 310 - 11. Let g(s) = s**2 + 4*s - 2. What is g(q)?
19
Suppose -2*t + 15 = y, 3*t - 14*y = -16*y + 20. Let x(a) = -a + 5. Calculate x(t).
-5
Let i(z) = -z - 4. Suppose 0 = 4*l - 0*r - r - 223, -5*l = -2*r - 281. Let y = l - 61. Give i(y).
2
Suppose 23*h + 14 = 21*h + 4*k, 4*h = -4*k + 20. Let y(w) = -18*w. Give y(h).
-18
Let m(r) = r**3 + 4*r**2 + 2*r - 3. Let q be m(-3). Let k(c) = -3*c + 4*c - 462 + 465. Calculate k(q).
3
Let g(d) = d**3 + 8*d**2 + 8*d + 4. Let i be g(-6). Let x = -28 + i. Let z(p) = p - 3. Determine z(x).
-3
Let o(p) = 3*p + 1. Let q be o(1). Let w = q + 0. Let d(m) = -m**3 + 3*m**2 + 6*m - 5. Let r be d(w). Let c(u) = -2*u + 4. What is c(r)?
-2
Let z = 80 + -38. Let w = z - 33. Let l(q) = q**3 - 10*q**2 + 9*q + 1. What is l(w)?
1
Let s(d) = d**3 - 9*d**2 + 15*d - 5. Let i be s(7). Let w(a) be the second derivative of -3/2*a**i - 6*a - 4/3*a**3 + 0 - 1/6*a**4. Calculate w(-5).
-13
Let p(l) = -2*l - 54. Let c be p(-22). Let v = c + 10. Let s(r) = -r**3 - 3*r**2 - 2*r**2 + 5*r**2 - r - 13. What is s(v)?
-13
Suppose 0*p = -3*p + 45. Let s be -1 + (-5)/(p/(-12)). Let w(r) = -4*r**2 - r**s + 0 + 2*r + 2*r**2 + 1. Give w(-3).
4
Let j(q) = -q**3 + q + 2. Suppose -52*t + 0*t = -8*t. What is j(t)?
2
Let i(a) = -2*a - 39. Let s = 494 - 512. Determine i(s).
-3
Suppose 0 = -8*i - 2*i. Let n be (0 - 1)*(-2 + i/1). Let j(k) = k - 3. Determine j(n).
-1
Let y(n) = -n**3 - n + 1. Let b(x) = -3*x**3 + 8*x**2 - 11*x - 4. Let r(c) = -b(c) + 2*y(c). Determine r(7).
20
Suppose 2*i - 4*y - 24 = 0, -20*i + 4*y + 48 = -15*i. Let a(v) = v**3 - 9*v**2 + 4*v + 27. What is a(i)?
-5
Let b(f) = 5*f**2 - 5*f**2 + 1 - 6 + 4*f - 5*f**2 + f**3. Give b(5).
15
Let l(f) = 4*f - 10. Let i be l(-12). Let y = i - -59. Let u(h) be the second derivative of -3*h**3 - h**2/2 - 4*h. What is u(y)?
-19
Let a(p) = p**2 + 5*p - 8. Suppose 7 = t + 5, -4*u - 30 = -3*t. Give a(u).
-2
Let f(t) = 3 + 2*t**2 + 8 - 2*t - t**2 - 19. Determine f(4).
0
Let p(m) = 7*m - 34 + m + 38. Suppose 25*a - 3 = 26*a. What is p(a)?
-20
Let j(y) = -y**3 + 6*y**2 + 7*y - 3. Let k = -104 + 111. What is j(k)?
-3
Let z(y) = 3*y + 0*y - y**2 - 5 + 3. Let a be ((-16)/(-4))/(-4) + -39 + 1. Let o = -37 - a. What is z(o)?
0
Let p(r) = r**3 - r**2 - r - 12. Suppose 2*l - 25 = 7*l, -62 = -3*f - 2*l. Suppose f - 24 = -m. Give p(m).
-12
Let z(r) be the first derivative of r**2/2 + 2*r + 30. Let m = -2 - -2. Suppose i - 3*i - 6 = m. Calculate z(i).
-1
Let t(h) = h**2 - 3*h - 3. Suppose -4*k + v = -k - 9, -5*v = -5*k + 15. Suppose 0 = k*p - p - 16. Suppose -n = -3*n + p. Determine t(n).
1
Let i(k) = 2*k**2 - 9*k - 1. Let v be i(5). Let q be 6 + 3 + (4 - 2 - v). Let l(s) = -s**2 + 9*s - 7. Determine l(q).
7
Let q(u) be the first derivative of -u**2/2 + u - 33. What is q(-8)?
9
Let z(o) = o**3 - 4*o**2 + 2. Let u be z(4). Let i(k) be the second derivative of k**5/10 - k**4/12 - k**3/3 + 45*k. Give i(u).
8
Let s(n) be the third derivative of -n**6/120 + n**5/20 + n**4/6 - n**3/2 + n**2 + 3. Calculate s(4).
-3
Let s be ((-24)/(-18))/((-2)/3). Let p(f) be the first derivative of f**3/3 + 2*f**2 + 3*f - 7. What is p(s)?
-1
Let u(b) = 12*b - 1 - 8*b - 1 + 6*b + b**3 + 10*b**2. What is u(-8)?
46
Suppose 2*w - 5 = -183. Let j = -88 - w. Let z(k) = -4*k + 1. Calculate z(j).
-3
Let s(b) be the second derivative of 5*b**3/6 - 3*b**2 - 3168*b. Let w(i) = -i + 2. Let t be w(-3). What is s(t)?
19
Let l(m) = -11*m**2 + 5*m + 10. Let x(f) = -2*f**2 - 1. Let y(t) = -l(t) + 5*x(t). Give y(7).
-1
Let o be (0 - 3)/(30/20). Let f(q) = 2*q**3 + 2*q**2 + 2*q + 5. Calculate f(o).
-7
Let g(k) = -7*k - 19. Let x(p) = -3*p - 1. Let s(q) = g(q) - 2*x(q). Determine s(-10).
-7
Let s = 122 - 98. Let b(m) = 9*m - 4 - 32*m + s*m. Let f(j) = -j**2 + 7*j - 1. Let u be f(6). What is b(u)?
1
Let g(n) = -3*n + 7. Let j(h) = -2*h**3 - 2*h**2 - 2*h + 1. Let s be j(-2). Let y = 18 - s. Give g(y).
-8
Let p be 3/(-15)*1/(-2). Let i(v) be the second derivative of v**2 - 1/6*v**4 + p*v**5 - 1/3*v**3 + 0 + 11*v. Determine i(2).
6
Let p(v) be the second derivative of v**5/60 + v**4/4 + v**3 + v**2/2 + 3*v. Let f(o) be the first derivative of p(o). Calculate f(-6).
6
Let c(p) = -p**3 + 2. Let a be c(2). Let d = 66 + -62. Let v(b) = -d - 20*b - 3 + 18*b. What is v(a)?
5
Suppose 7*j - 87 = 137. Suppose -38*c = -j*c - 30. Let v(u) = u**3 - 5*u**2 - 4. Calculate v(c).
-4
Let p(u) be the first derivative of 12*u**3 - u**2/2 + 2*u - 136. Determine p(1).
37
Let f(y) = -12*y**3 + 2*y**2 - 2*y + 1. Let z(h) = h**3 + 20*h**2 + 21*h + 39. Let p be z(-19). Calculate f(p).
-11
Let c(w) = -w**2 + 7*w + 14. Let t be (-27)/((-675)/220) + (-3)/(-15). Calculate c(t).
-4
Let j be (55/33)/(1/(-3))